*l - 4*s, 9*l + 2*s = 248. Calculate the remainder when 2806 is divided by l.
24
Let d = -45 - -54. Let z(i) = -i**3 + 7*i**2 + 19*i + 3. Suppose 6*f - 415 = -1. What is the remainder when f is divided by z(d)?
9
Let i = 2171 + -449. Calculate the remainder when i is divided by 75.
72
Suppose -18*n - 153 = -69*n. Suppose 5*l = -n*l + 208. Calculate the remainder when (-44)/(-18)*3*21 is divided by l.
24
Let p = 0 + 4. Suppose -240 = -p*v - 4*c, 2*c - 23 = 3*v - 188. What is the remainder when 226 is divided by v?
55
Suppose -4 = 3*m + 5*b - 7, -b + 21 = 4*m. Let i(w) = 5*w + 32. Calculate the remainder when i(m) is divided by 8.
6
Let x = -137 + -1. Let i = -96 - x. What is the remainder when i is divided by 16?
10
Let d(x) = 2*x**2 - 32*x + 3. Let r be (14 - 11) + -1 + 2. What is the remainder when d(17) is divided by r - 0*1/(-3)?
1
Calculate the remainder when 656 - 1*(-11)/((-99)/(-45)) is divided by 98.
73
What is the remainder when 667 is divided by (60/8)/(185/1332)?
19
Suppose -3*v - n - 8 = -6*v, 3*v - 3*n = 0. Suppose -6*l - h + 35 = -2*l, -3*l - v*h = -10. What is the remainder when 125 is divided by l?
5
Let y = 33 - 24. Calculate the remainder when y is divided by -2*5/(-8)*4.
4
Suppose 35765 = 59*m + 56*m. What is the remainder when m is divided by 19?
7
Suppose 0 = -167*t + 171*t - 896. What is the remainder when 840 is divided by t?
168
Let d(s) = s**3 + 55*s**2 + 358*s + 141. Calculate the remainder when d(-47) is divided by 976.
11
What is the remainder when 295 is divided by ((-43)/(-86))/((-3)/(-210))?
15
Suppose -25*a + 1610 + 1689 - 1049 = 0. What is the remainder when 331 is divided by a?
61
Calculate the remainder when (8/3 - 3)/(10/(-39*13490)) is divided by 79.
78
Let l(n) = -12*n + 149. Let a be l(12). Suppose 2*m = 2*q - 106, -a*m - 163 = -3*q - 8. What is the remainder when q is divided by 28?
27
Let v(h) = -2*h**3 - h**2 + h - 9. Let y be v(0). Suppose 14 = 4*w - 5*l - 0, 4*l = 4*w - 12. Calculate the remainder when 13/(w/y*-3) is divided by 20.
19
Calculate the remainder when (-847)/(-3) + 6/(-36)*2 is divided by 57.
54
Let w = -772 + 851. Suppose 3*h + 5*j - 21 = 339, 0 = -2*h + 3*j + 240. Suppose -p = -4*p + h. Calculate the remainder when w is divided by p.
39
Suppose 0 = -2*d - 5*m + 132, 0 = -m + 3*m. Suppose 9*j - 15*j + d = 0. Calculate the remainder when 34 is divided by j.
1
What is the remainder when 2744 is divided by 1/(-2)*(-106 + 0)?
41
Calculate the remainder when 2795 is divided by (808 + -845)*(-1 + -14).
20
Let v = 133 - -118. Let t = v + -140. Calculate the remainder when t is divided by 29.
24
Suppose 0 = 3*c - 4*f - 662, 5*f + 219 = c + 4*f. Suppose 6*x + c = 268. What is the remainder when 466 is divided by x?
7
Let t = 660 - 622. Calculate the remainder when 74 is divided by t.
36
What is the remainder when 285 is divided by (-10 - (-175 - -6))*(-3)/(-9)?
20
Let n = -1612 + 3201. What is the remainder when n is divided by 106?
105
Let u be ((-1144)/20)/(1*(-5)/(-25)). Let l = u - -339. Calculate the remainder when 209 is divided by l.
50
Suppose -4*b + 4 = -8*z + 4*z, -5*z = b + 23. Calculate the remainder when 60 is divided by (-68)/b*((-10)/4 + 4).
26
Let s(f) = 2*f**2 - 31*f + 50. Let r be s(31). Let b = r + -1000. Calculate the remainder when (-2)/3 - 262/(-6) is divided by b.
10
Let s = 45 + -33. Suppose 4*i = 3*z + 239, -2*i + 2*z = -0*i - 118. Suppose i + 78 = 5*c. What is the remainder when c is divided by s?
4
Let d(z) = -z**3 - 19*z**2 + 19*z - 24. Let y be d(-20). Let l be (-1)/y*440/22. What is the remainder when 1 + (l + 18 - 1) is divided by 11?
1
Let m be 4 + -1 - (-4)/(-8)*2. Suppose 3*n - 4*h - 243 = 140, -2*n + 256 = -m*h. What is the remainder when n is divided by 12?
9
Let f be (-4 - (-516)/(-4))/1. Let y = 83 + f. Calculate the remainder when 46 is divided by (y/(-6))/((-1)/(-3)*1).
21
Calculate the remainder when 18 - (-9 - -13) - -455 is divided by 51.
10
Suppose -j + 166 = -w, -225 - 98 = -2*j - w. What is the remainder when j is divided by 20?
3
Suppose 3*d - 49 = -5*j, 3*d = 4*j + 14 + 17. Suppose -68 = -9*m + d. Let l = 30 - m. What is the remainder when l is divided by 8?
5
Suppose -4*d + 40 + 45 = -5*l, 5*d - 4*l = 113. Let z = -83 - -90. Calculate the remainder when d is divided by z.
4
Let d = -4 + 17. Let p(j) = -6*j + 15. Calculate the remainder when p(-6) is divided by d.
12
Let s(m) = -m**3 - m**2 - 22*m - 25. Calculate the remainder when 1389 is divided by s(-6).
241
Let n = 1306 + -1082. Let d = -606 - -348. What is the remainder when n is divided by (-2)/(-3) - d/18?
14
Let l = 2526 - 1637. Let v(z) = -5*z**3 - 14*z**2 + 3*z + 5. What is the remainder when l is divided by v(-4)?
88
Let m = -2822 - -2836. Calculate the remainder when 180 is divided by m.
12
Let u(r) = 73*r + 4627. Calculate the remainder when 9685 is divided by u(-63).
25
Let s = 53 - 55. Let q be (-5 - s) + 2 + (1 - -2). Suppose 0 = q*t - 34. What is the remainder when 31 is divided by t?
14
Let s be ((-20)/(-3))/((-4)/24). What is the remainder when (-138)/(-12)*8 - 6 is divided by (-4 + -16)/(-5) - s?
42
Let a = -5587 + 6457. What is the remainder when a is divided by 4?
2
Let a = 37872 + -37803. Let u(l) = l**3 - 2*l**2 + 2*l - 4. Calculate the remainder when a is divided by u(4).
33
Let o = 5759 - 5752. What is the remainder when 10 is divided by o?
3
Let v = -96 - -106. Let c(k) = k + 42. What is the remainder when c(v) is divided by 14?
10
Let d(z) = -7*z**2 + 101*z + 91. Calculate the remainder when 853 is divided by d(15).
16
Suppose -4*t = -67 + 283. Let b = -53 - t. What is the remainder when 19 is divided by b/(3 - 68/14 - -2)?
5
Suppose 2*n = -4*c + 650, 3*n = 5*c - 85 - 733. Calculate the remainder when 363 is divided by c.
37
Suppose p = -p + 86. Let s = p + -19. Calculate the remainder when s is divided by 24/32 - (-204)/51 - (-36)/16.
3
Suppose 56 = 2*i + 50. Suppose 6*f - i*f - 2*x - 386 = 0, -4*f - 4*x + 528 = 0. What is the remainder when f is divided by 46?
38
Let b = 52 + -26. Let a = 48 - b. Let p = 70412 - 70239. What is the remainder when p is divided by a?
19
Suppose 3*k = -2*b + 37, 2*b + k - 39 = -0*k. Suppose b*i + 200 = 25*i. Calculate the remainder when 2/(-2 + 928/460) is divided by i.
35
Let s(v) = -7*v**2 - 105*v - 136. What is the remainder when 1442 is divided by s(-6)?
232
Let p be 1 - (372/21 - (-2)/7). Let m = -22 - p. Let h(r) = 5*r**2 + 2*r - 26. What is the remainder when h(m) is divided by 18?
17
Suppose 30*t - 8585 = 6055. Suppose 10*u + 88 = t. Calculate the remainder when 106 is divided by u.
26
Let v be (-3*1)/((-19)/57). What is the remainder when (-42614)/(-198) - 2/v is divided by 9?
8
Suppose -5*l + 2*h + 1978 = 0, 1587 = 4*l + 63*h - 60*h. Calculate the remainder when l is divided by 61.
30
Suppose 3*w + 19 = z, -3*z + w + 13 = -z. Suppose 3*h + z*v - 19 = 205, h = -4*v + 80. What is the remainder when h is divided by 26?
20
Suppose -256*a + 23490 = -111*a. Calculate the remainder when 488 is divided by a.
2
Suppose -284*z - 108 = -285*z - 5*r, 0 = -5*r. Calculate the remainder when z is divided by 86.
22
Let f(j) = 2*j**2 - 2*j - 15. Let u be f(-5). Let v = u - -1. Suppose -48*c + 96 = -44*c. Calculate the remainder when v is divided by c.
22
Let k = -9 + 19. Suppose 0 = -l + 3*l - 2*r - 134, 2*l + 4*r - 116 = 0. Let m = 123 - l. What is the remainder when m is divided by k?
9
Let q(b) = -61*b - 321. What is the remainder when q(-13) is divided by 156?
4
Let h = 13 - 25. Let s = 28 + h. Suppose 9*n = -2*n + 308. What is the remainder when n is divided by s?
12
Let t(x) = -25*x - 2031. What is the remainder when ((-92)/(-3))/(1/3) is divided by t(-82)?
16
Let u = 9 + -2. Let s(i) = 4 + 7 - 9 + u*i. What is the remainder when 72 is divided by s(5)?
35
Let u = 6549 + -5785. Calculate the remainder when u is divided by 72.
44
Let x(k) = 18*k**2 - 117*k - 254. What is the remainder when 551 is divided by x(-2)?
31
Let s = -7 - -10. Let p = -586 + 591. Suppose -s*f + p*m = -52, 4*f + 5*m = 68 + 13. What is the remainder when 72 is divided by f?
15
Suppose 19050*d + 7605 = 19065*d. What is the remainder when d is divided by 8?
3
Calculate the remainder when ((-270)/(-72))/((-9)/192*-4) is divided by 11.
9
What is the remainder when (24/(